divisor of 705 and 40260.
15
Calculate the highest common factor of 48 and 130164.
12
Calculate the highest common divisor of 610 and 354105.
305
What is the highest common divisor of 1269 and 334341?
27
What is the highest common factor of 3 and 34053?
3
Calculate the highest common factor of 1026 and 3990.
114
What is the greatest common divisor of 187218 and 216?
54
What is the greatest common factor of 592 and 259888?
592
Calculate the highest common divisor of 221 and 26468507.
221
What is the highest common divisor of 95460 and 4988?
172
What is the highest common factor of 3448 and 392?
8
What is the highest common factor of 22556164 and 212?
212
Calculate the greatest common factor of 3949 and 145036.
359
What is the greatest common divisor of 107211 and 975?
39
Calculate the greatest common factor of 1363 and 61770.
29
Calculate the highest common divisor of 19250 and 485.
5
Calculate the highest common divisor of 182 and 1001819.
91
Calculate the highest common factor of 44469 and 333.
9
What is the highest common divisor of 132653 and 436?
109
Calculate the highest common divisor of 7634 and 1408.
22
Calculate the greatest common divisor of 232227 and 732.
183
What is the greatest common divisor of 925 and 297665?
185
Calculate the greatest common divisor of 1209 and 4132362.
1209
Calculate the highest common factor of 8 and 13574.
2
What is the greatest common divisor of 28350 and 45927?
567
Calculate the greatest common divisor of 175 and 18775.
25
What is the greatest common divisor of 113 and 262499?
113
What is the highest common factor of 329 and 149977?
47
Calculate the greatest common factor of 354711 and 127.
127
Calculate the greatest common factor of 71420 and 320.
20
What is the highest common factor of 3707 and 14154?
337
Calculate the greatest common factor of 3480528 and 16.
16
Calculate the greatest common factor of 92 and 34431.
23
Calculate the greatest common divisor of 35392 and 1792.
448
What is the highest common divisor of 1126292 and 310?
62
Calculate the greatest common factor of 120855 and 105.
105
Calculate the greatest common factor of 374 and 6446.
22
What is the greatest common factor of 971640 and 36?
36
Calculate the greatest common factor of 1236 and 10403.
103
What is the greatest common divisor of 1962 and 289286?
218
Calculate the highest common factor of 3587 and 3281.
17
What is the highest common divisor of 4752 and 24408?
216
Calculate the highest common factor of 770 and 174944.
154
Calculate the highest common factor of 1110 and 6367330.
370
Calculate the greatest common factor of 14899 and 517.
47
Calculate the highest common factor of 536382 and 15147.
891
What is the greatest common divisor of 1443 and 777?
111
What is the highest common divisor of 29884 and 1116?
124
Calculate the greatest common divisor of 26852 and 9016.
196
What is the greatest common divisor of 448 and 150976?
448
What is the greatest common factor of 905067 and 9?
9
Calculate the greatest common factor of 21165 and 845.
5
What is the highest common factor of 8 and 10126?
2
Calculate the highest common divisor of 369 and 72570.
123
Calculate the highest common factor of 210 and 1702230.
30
Calculate the greatest common factor of 17013 and 265.
53
Calculate the highest common factor of 105 and 796755.
15
What is the highest common factor of 28454 and 18044?
694
What is the greatest common factor of 40 and 12104?
8
Calculate the highest common factor of 1593 and 4071.
177
What is the highest common divisor of 49995 and 606?
303
Calculate the greatest common divisor of 1486750 and 250.
250
Calculate the greatest common divisor of 2985 and 34215.
15
What is the highest common factor of 40 and 627576?
8
Calculate the highest common divisor of 1153476 and 36.
36
What is the highest common divisor of 44550 and 88?
22
What is the highest common divisor of 5809 and 2183?
37
What is the highest common factor of 622 and 3?
1
Calculate the greatest common divisor of 86615 and 170.
85
Calculate the highest common factor of 25578 and 198.
18
Calculate the greatest common divisor of 7228 and 4368.
52
What is the greatest common factor of 290061 and 108?
27
What is the highest common factor of 392 and 588?
196
What is the highest common factor of 37151 and 1149?
383
Calculate the greatest common divisor of 11608 and 16.
8
Calculate the highest common factor of 194638 and 2456.
614
Calculate the greatest common divisor of 45 and 45390.
15
What is the greatest common divisor of 112380 and 18?
6
What is the greatest common factor of 889 and 109855?
127
Calculate the greatest common factor of 1500039 and 729.
243
Calculate the highest common divisor of 132 and 1298.
22
Calculate the greatest common divisor of 149895 and 45.
45
What is the highest common divisor of 20554 and 22466?
478
Calculate the greatest common factor of 9072 and 90.
18
What is the greatest common divisor of 1610876 and 514?
514
What is the greatest common divisor of 112 and 126609?
7
Calculate the highest common factor of 69651 and 45.
9
Calculate the greatest common divisor of 49973 and 96642.
413
Calculate the highest common divisor of 522461 and 35989.
1241
What is the highest common factor of 281380 and 220?
220
Calculate the highest common divisor of 203 and 28768.
29
What is the highest common divisor of 6456 and 34163?
269
What is the greatest common factor of 48 and 2795664?
48
Calculate the greatest common factor of 72207 and 639.
639
What is the greatest common divisor of 32 and 94048?
32
Calculate the greatest common divisor of 22 and 308726.
22
Calculate the greatest common factor of 41089 and 51.
17
What is the greatest common factor of 23903 and 1045?
11
What is the highest common factor of 1596 and 27804?
84
What is the highest common divisor of 195 and 258180?
195
What is the greatest common divisor of 5180 and 140?
140
What is the greatest common divisor of 23706 and 162?
54
Calculate the highest common factor of 244 and 75762.
122
What is the greatest common factor of 630 and 74655?
315
What is the greatest common factor of 984929 and 391?
391
What is the greatest common factor of 82 and 1330696?
82
What is the highest common factor of 262466 and 38?
38
Calculate the greatest common divisor of 124507 and 133.
19
What is the highest common factor of 2014021 and 2146?
1073
Calculate the greatest common divisor of 129 and 1744467.
129
What is the greatest common factor of 2 and 425232?
2
Calculate the greatest common factor of 23032 and 40.
8
Calculate the highest common factor of 140 and 8110.
10
What is the highest common factor of 340 and 7815?
5
What is the greatest common factor of 669417 and 7?
7
What is the highest common factor of 160 and 1349780?
20
Calculate the highest common factor of 480212 and 4430.
886
Calculate the highest common factor of 2904563 and 82.
41
Calculate the greatest common divisor of 41007 and 75.
3
Calculate the greatest common factor of 168 and 20872.
8
What is the highest common divisor of 2928 and 1301313?
183
What is the highest common factor of 183 and 111?
3
What is the greatest common divisor of 8326 and 9774?
362
Calculate the highest common factor of 44 and 86306.
22
Calculate the highest common divisor of 124 and 116002.
62
Calculate the greatest common factor of 15 and 217310.
5
What is the greatest common divisor of 52 and 2207868?
52
What is the greatest common factor of 2 and 4250?
2
Calculate the greatest common divisor of 192 and 3688.
8
What is the greatest common factor of 540350 and 5885?
535
Calculate the highest common factor of 461861 and 1.
1
What is the greatest common divisor of 472350 and 5226?
402
What is the highest common factor of 1029 and 278467?
49
Calculate the greatest common divisor of 130075 and 129.
43
What is the highest common factor of 5013 and 20421?
9
What is the highest common divisor of 11819 and 223?
223
Calculate the highest common factor of 36366 and 264.
66
What is the greatest common divisor of 37002 and 6468?
42
What is the greatest common factor of 635 and 104521?
127
Calculate the greatest common factor of 5567 and 40727.
293
What is the highest common divisor of 11391 and 12?
3
Calculate the highest common divisor of 258 and 297861.
129
Calculate the greatest com